0269?
-10278
In base 16, what is -1 - -1165c?
1165b
In base 5, what is -144023 + -13320?
-212343
In base 2, what is -101 - 1110011001010?
-1110011001111
In base 6, what is 1402 + -2025?
-223
In base 5, what is -20 - -221242?
221222
In base 5, what is 1022 - 3332?
-2310
In base 11, what is -284 + 2588?
2304
In base 8, what is 4 - 30111?
-30105
In base 11, what is -625 - 63?
-688
In base 3, what is 1200 - 2021010?
-2012110
In base 11, what is 119 - -879?
997
In base 3, what is -11220202212 - 12?
-11220210001
In base 7, what is 31601 - -315?
32216
In base 12, what is -246 - 49b?
-725
In base 2, what is -100001100 - 100101101100?
-101001111000
In base 10, what is 270746 - 14?
270732
In base 10, what is -2 - -10538?
10536
In base 6, what is -10 - 1123310?
-1123320
In base 7, what is -26241 - -1004?
-25234
In base 5, what is 322030 - -3?
322033
In base 5, what is 2 + -4402010?
-4402003
In base 11, what is -12163 - 6?
-12169
In base 6, what is -24 + -1255055?
-1255123
In base 10, what is -39414 - 5?
-39419
In base 7, what is -250 - -360?
110
In base 7, what is 6 + 505011?
505020
In base 13, what is 57 + 40a8?
4132
In base 7, what is -1255 + -12?
-1300
In base 5, what is 303423 - -10?
303433
In base 15, what is 342d98 - 0?
342d98
In base 7, what is -346 - -43?
-303
In base 9, what is 160723 - 2?
160721
In base 14, what is -4ad4 + 8?
-4aca
In base 8, what is -3 + -135403?
-135406
In base 14, what is 6 + 1621?
1627
In base 7, what is 24 - 125125?
-125101
In base 16, what is -b - -27bf?
27b4
In base 16, what is -e + -2b3aa?
-2b3b8
In base 7, what is 35133 + -45?
35055
In base 4, what is -30001 + -112311?
-202312
In base 14, what is 4 + 4c5d?
4c63
In base 4, what is 1103 + -1210001?
-1202232
In base 6, what is -3 - 11002001?
-11002004
In base 10, what is 15527 - 32?
15495
In base 8, what is -20725 + 5?
-20720
In base 8, what is 4 - -416443?
416447
In base 8, what is -2 + -35532?
-35534
In base 12, what is -1 + -123a7?
-123a8
In base 4, what is -13323 - 321?
-20310
In base 10, what is -1 + 6000?
5999
In base 4, what is -221 - -1230001?
1223120
In base 3, what is -1200 - -101211?
100011
In base 6, what is 4 - 11145244?
-11145240
In base 11, what is 280841 + -2?
28083a
In base 10, what is 1 - 1239?
-1238
In base 16, what is 4b + 844?
88f
In base 5, what is -13420200 - 3?
-13420203
In base 2, what is 1101110100100 + 1100111?
1110000001011
In base 7, what is 244501 + 14?
244515
In base 9, what is -77631 + 1?
-77630
In base 7, what is -24 - 14?
-41
In base 13, what is -6b2 - -13?
-69c
In base 2, what is -1000001101 + -100010100?
-1100100001
In base 10, what is 774 - 1417?
-643
In base 14, what is -467c - -60?
-461c
In base 7, what is -142503 + -22?
-142525
In base 12, what is -1250b - -4?
-12507
In base 7, what is 52 + -4333?
-4251
In base 12, what is 5 + -2b22?
-2b19
In base 12, what is 450 - -41?
491
In base 3, what is -10 - 1221121211122?
-1221121211202
In base 2, what is 101011 + 110110?
1100001
In base 8, what is -151241 - -26?
-151213
In base 7, what is -31 + -2643?
-3004
In base 11, what is -29 + -30?
-59
In base 7, what is -153141 - 45?
-153216
In base 11, what is -1209 - -30?
-1189
In base 2, what is 10001001 + -1110101000?
-1100011111
In base 12, what is 75400 + 4?
75404
In base 8, what is 15 + 107252?
107267
In base 3, what is 0 + -2022120001?
-2022120001
In base 4, what is -20103 - -2130?
-11313
In base 12, what is -5 - 54a25?
-54a2a
In base 8, what is 45 + 1723?
1770
In base 6, what is -132 - 52025?
-52201
In base 5, what is -103 + -3324344?
-3330002
In base 15, what is a + 20063?
2006d
In base 8, what is -513 - 3024?
-3537
In base 12, what is -29 - 37562?
-3758b
In base 10, what is -229216 - -11?
-229205
In base 10, what is 222256 - 14?
222242
In base 16, what is -12 - -543?
531
In base 3, what is -2021010000 - 12?
-2021010012
In base 7, what is -43621 - 11?
-43632
In base 9, what is 785 - 21?
764
In base 16, what is -1288 - -10?
-1278
In base 13, what is 2 - 21041?
-2103c
In base 9, what is -1378 - -803?
-475
In base 2, what is 101 - 1011111001101101?
-1011111001101000
In base 16, what is -1 + 5c80?
5c7f
In base 9, what is 20387 + -3?
20384
In base 14, what is -96 + -80?
-136
In base 4, what is 210201022 + -10?
210201012
In base 6, what is -34 - 1030255?
-1030333
In base 15, what is 4e43 - -5?
4e48
In base 13, what is b3 - -2131?
2214
In base 10, what is -1121 + -2014?
-3135
In base 3, what is 110120211 + -10200?
110110011
In base 11, what is -56a - a?
-579
In base 7, what is 445 - 21336?
-20561
In base 2, what is -1001100 + -1101111110?
-1111001010
In base 12, what is -1 + -1335a?
-1335b
In base 13, what is -938 + -2c4?
-c2c
In base 7, what is -65213 + -62?
-65305
In base 13, what is 2b430 + 2?
2b432
In base 14, what is 6 - -a1?
a7
In base 16, what is -7 - ee?
-f5
In base 9, what is 401 + 28?
430
In base 15, what is ce + -231b?
-223c
In base 14, what is 18b + -58?
133
In base 14, what is -66c4 - 3?
-66c7
In base 8, what is 535 - -1252?
2007
In base 5, what is 100042243 + 4?
100042302
In base 13, what is 1725b + -3?
17258
In base 7, what is -405 - 454?
-1162
In base 12, what is 37b5a3 - -1?
37b5a4
In base 16, what is 117 + -82?
95
In base 9, what is 266776 - 1?
266775
In base 5, what is 1030 + 1210?
2240
In base 16, what is 907b + -2?
9079
In base 4, what is -3313 + 10?
-3303
In base 14, what is -1d5213 + 3?
-1d5210
In base 7, what is 55 + -46122?
-46034
In base 10, what is -4153 + -46?
-4199
In base 8, what is -15367 - 453?
-16042
In base 4, what is 3 - -301000213?
301000222
In base 13, what is 1 - -1a2880?
1a2881
In base 10, what is 1 - -3546?
3547
In base 4, what is -113 + 11132?
11013
In base 2, what is 10001011000100 + -100?
10001011000000
In base 14, what is -cab0 - -10?
-caa0
In base 15, what is 8 + -14b7?
-14ae
In base 2, what is -110111001010001100011 + -100?
-110111001010001100111
In base 7, what is -1064635 - -4?
-1064631
In base 8, what is 2010 + 467?
2477
In base 9, what is -5 + 136327?
136322
In base 13, what is 2 + ba8bc?
ba8c1
In base 13, what is 3832 - -2a?
385c
In base 12, what is 378a29 + 2?
378a2b
In base 4, what is 1300 + -20123?
-12223
In base 6, what is -430 + 43041?
42211
In base 8, what is 2507216 - 3?
2507213
In base 9, what is 7130 + -4?
7125
In base 12, what is -26 + -153?
-179
In base 9, what is 52 - 1280?
-1227
In base 4, what is -11023 - 1121000?
-1132023
In base 2, what is 10101000000101 - -1011000?
10101001011101
In base 15, what is 407a + e?
4089
In base 14, what is -1bb - -7?
-1b4
In base 9, what is 17 + 6662?
6680
In base 5, what is -2 + 1304110?
1304103
In base 12, what is 4b - 663b?
-65b0
In base 2, what is -10000100001 - -1000101001?
-111111000
In base 12, what is b + 24a95?
24aa4
In base 11, what is 1772 - -9?
1780
In base 15, what is -10da8 + -1?
-10da9
In base 3, what is 1021200220 + -1?
1021200212
In base 5, what is 11 + -24332?
-24321
In base 15, what is 0 + -94725?
-94725
In base 7, what is 2105546 + -2?
2105544
In base 7, what is 6031023 - 1?
6031022
In base 9, what is 4 - -78707?
78712
In base 6, what is -3 + -11224?
-11231
In base 11, what is -8412 - -4?
-8409
In base 11, what is -2839 + 4?
-2835
In base 8, what is -4 + -770142?
-770146
In base 10, what is -1 + 6108?
6107
In base 15, what is -a06 + -112?
-b18
In base 4, what is -121 - 212303?
-213030
In base 9, what is 23 - 13050?
-13026
In base 15, what is -3c0 + 62?
-35d
In base 14, what is -12994 + 3?
-12991
In base 9, what is 6503 - -16?
6520
In base 5, what is -2032 - -100221?
43134
In base 12, what is -370 - -51b?
16b
In base 4, what is -3030 - 3320003?
-3323033
In base 15, what is 5982d - -4?
59832
In base 3, what is -1 - 1021211122?
-1021211200
In base 9, what is -4 + 251?
246
In base 10, what is -19799 + -135?
-19934
In base 13, what is -c + 1b3a?
1b2b
In base 6, what is -2 + 20543315?
20543313
In base 5, what is -13 + 3222313?
3222300
In base 6, what is -555250 - -13?
-555233
In base 14, what is 5 + -c24?
-c1d
In base 2, what is -11111 - -11111100011?
11111000100
In base 3, what is -12 + -10222121112?
-10222121201
In base 13, what is 14c7 + -45?
1482
In base 13, what is 3b6 - -32?
418
In base 4, what is 10 - 1331021?
-1331011
In base 8, what is -72 - 5413?
-5505
In base 11, what is 2901 + -8?
28a4
In base 15, what is 17 + a1?
b8
In ba